{"id":51991,"date":"2025-12-08T13:07:34","date_gmt":"2025-12-08T12:07:34","guid":{"rendered":"https:\/\/www.powergun-terrain.fr\/?post_type=product&#038;p=51991"},"modified":"2025-12-20T23:24:22","modified_gmt":"2025-12-20T22:24:22","slug":"cqb-noel-2025","status":"publish","type":"product","link":"https:\/\/www.powergun-terrain.fr\/index.php\/produit\/cqb-noel-2025\/","title":{"rendered":"CQB La Fabrique De Noel Samedi"},"content":{"rendered":"<p>D\u00e9couvrez notre<strong> CQB BY Powergun \u00e0 ORGEMONT <\/strong>de plus de 4500m\u00b2 avec plusieurs b\u00e2timents sur plusieurs niveaux avec une partie ext\u00e9rieur.<\/p>\n<p>Pas de panique si vous n&#8217;\u00eates pas \u00e9quip\u00e9 vous avez la possibilit\u00e9 de louer du mat\u00e9riel :<\/p>\n<ul>\n<li><strong>Pack Essentiel<\/strong>, cette location comprend une r\u00e9plique AEG M4 avec un chargeur de 300 billes ainsi qu&#8217;une protection int\u00e9grale pour le visage. <strong>25\u20ac<\/strong><\/li>\n<li><strong>Pack Essentiel +<\/strong>, cette location comprend une r\u00e9plique AEG M4 avec un chargeur de 300 billes, une bouteille de 3300 billes ASG ainsi qu&#8217;une protection int\u00e9grale pour le visage. <strong><strong>35\u20ac<\/strong><\/strong><\/li>\n<\/ul>\n<p><strong>Pour toute annulation de partie, vous pouvez l&#8217;annuler jusqu&#8217;\u00e0 48h avant l&#8217;\u00e9v\u00e8nement pass\u00e9 ce d\u00e9lai vous ne pourrez pas pr\u00e9tendre \u00e0 un remboursement. Les demandes d&#8217;annulations se font uniquement par mail \u00e0 contact@powergun.fr.<\/strong><\/p>\n<p>&nbsp;<\/p>\n<p><strong>L&#8217;adresse du terrain est : Chemin du Guot, 91590 Cerny<\/strong><\/p>\n<p><strong>Coordonn\u00e9es GPS : 48.48669, 2.29475<\/strong><\/p>\n<p>&nbsp;<\/p>\n<p><strong>Les horaires :<\/strong><\/p>\n<ul>\n<li>Ouverture de la grille 20h00<\/li>\n<li>Fermeture de la grille 20h30<\/li>\n<li>Chrony 20h35<\/li>\n<li>Briefing et d\u00e9but de partie 20h50 &#8211; 21h00<\/li>\n<li>Fin de partie 2h00-3h00<\/li>\n<\/ul>\n<p>&nbsp;<\/p>\n<p><strong>Attention il n&#8217;y aura pas de longue pause pour manger, uniquement des pauses de 5 minutes pour recharger et se d\u00e9salt\u00e9rer. Pensez \u00e0 manger avant de venir ou emporter des choses \u00e0 manger rapidement pendant le jeu.<\/strong><\/p>\n<p>&nbsp;<\/p>\n<p>&nbsp;<\/p>\n2026\n<p>[dt_divider style=&#8221;thin&#8221; \/]<\/p>\n","protected":false},"excerpt":{"rendered":"<p>Pas de panique si vous n&#8217;\u00eates pas \u00e9quip\u00e9 vous avez la possibilit\u00e9 de louer du mat\u00e9riel :<\/p>\n<ul>\n<li><strong>Pack Essentiel<\/strong>, cette location comprend une r\u00e9plique AEG M4 avec un chargeur de 300 billes ainsi qu&#8217;une protection int\u00e9grale pour le visage. <strong>25\u20ac<\/strong><\/li>\n<li><strong>Pack Essentiel +<\/strong>, cette location comprend une r\u00e9plique AEG M4 avec un chargeur de 300 billes, une bouteille de 3300 billes ASG ainsi qu&#8217;une protection int\u00e9grale pour le visage. <strong>35\u20ac<\/strong><\/li>\n<\/ul>\n<p>Pour toute annulation de partie, vous pouvez l&#8217;annuler jusqu&#8217;\u00e0 48h avant l&#8217;\u00e9v\u00e8nement pass\u00e9 ce d\u00e9lai vous ne pourrez pas pr\u00e9tendre \u00e0 un remboursement. <strong> Les demandes d&#8217;annulations se font uniquement par mail \u00e0 contact@powergun.fr.<\/strong><\/p>\n<p>&nbsp;<\/p>\n","protected":false},"author":2,"featured_media":98,"comment_status":"open","ping_status":"closed","template":"","meta":[],"product_brand":[],"product_cat":[40],"product_tag":[],"class_list":{"0":"post-51991","1":"product","2":"type-product","3":"status-publish","4":"has-post-thumbnail","6":"product_cat-halloween","8":"first","9":"outofstock","10":"shipping-taxable","11":"purchasable","12":"product-type-variable"},"_links":{"self":[{"href":"https:\/\/www.powergun-terrain.fr\/index.php\/wp-json\/wp\/v2\/product\/51991","targetHints":{"allow":["GET"]}}],"collection":[{"href":"https:\/\/www.powergun-terrain.fr\/index.php\/wp-json\/wp\/v2\/product"}],"about":[{"href":"https:\/\/www.powergun-terrain.fr\/index.php\/wp-json\/wp\/v2\/types\/product"}],"author":[{"embeddable":true,"href":"https:\/\/www.powergun-terrain.fr\/index.php\/wp-json\/wp\/v2\/users\/2"}],"replies":[{"embeddable":true,"href":"https:\/\/www.powergun-terrain.fr\/index.php\/wp-json\/wp\/v2\/comments?post=51991"}],"version-history":[{"count":3,"href":"https:\/\/www.powergun-terrain.fr\/index.php\/wp-json\/wp\/v2\/product\/51991\/revisions"}],"predecessor-version":[{"id":52007,"href":"https:\/\/www.powergun-terrain.fr\/index.php\/wp-json\/wp\/v2\/product\/51991\/revisions\/52007"}],"wp:featuredmedia":[{"embeddable":true,"href":"https:\/\/www.powergun-terrain.fr\/index.php\/wp-json\/wp\/v2\/media\/98"}],"wp:attachment":[{"href":"https:\/\/www.powergun-terrain.fr\/index.php\/wp-json\/wp\/v2\/media?parent=51991"}],"wp:term":[{"taxonomy":"product_brand","embeddable":true,"href":"https:\/\/www.powergun-terrain.fr\/index.php\/wp-json\/wp\/v2\/product_brand?post=51991"},{"taxonomy":"product_cat","embeddable":true,"href":"https:\/\/www.powergun-terrain.fr\/index.php\/wp-json\/wp\/v2\/product_cat?post=51991"},{"taxonomy":"product_tag","embeddable":true,"href":"https:\/\/www.powergun-terrain.fr\/index.php\/wp-json\/wp\/v2\/product_tag?post=51991"}],"curies":[{"name":"wp","href":"https:\/\/api.w.org\/{rel}","templated":true}]}}